- (-1 - -1).
21
Calculate 4 - 1 - (19 - 23 - -8).
-1
(-3 - (0 + -7)) + -3 + 2 + 6 + -27
-18
Evaluate 10 + (2 + -26 - (-59 - -28)).
17
7 - (-27 - (-99 - -24))
-41
What is 4 + 4 + -108 + -3 + -7 + (5 - 16)?
-121
What is the value of (18 - 11 - 2) + (-6 - -11 - -42)?
52
What is the value of -11 + (8 - ((3 - (9 - 7)) + 6))?
-10
99 - (-76 + 150) - (1 + 52)
-28
What is the value of 4 + (-2 + 22 - 10 - 13 - -2 - 43)?
-40
What is the value of 24 + (-255 - -130) + 115?
14
Evaluate -21 + 13 + -2 + (7 - -5 - 22).
-20
20 + (-118 + 3 - 3) + (6 - 0)
-92
What is the value of -17 + (182 - (24 - -68))?
73
Evaluate (-13 + 20 + -13 - -103) + -14.
83
What is (-3 - -9) + 42 + -23 - (0 - -9)?
16
18 + -12 + -8 - (-3 - 3 - (7 + -1))
10
What is the value of (-9 - -57 - 33) + -27 + 2 - (-8 + -70)?
68
What is (29 - (11 - 6)) + (-2823 - -2800)?
1
What is the value of 24 + 4 + -41 + 23 + (0 - -41) - -2?
53
Evaluate 0 + -10 + 12 + 82 - 22.
62
What is -1681 - -1691 - (2 + (-2 - -4)) - -5 - 40?
-29
Evaluate (-10 + 47 - 31) + -23.
-17
Evaluate 24 - (12 - -75) - (-99 - -111).
-75
What is the value of -33 + (-16 - (12 + -30 - -12))?
-43
Evaluate -74 - (-17 + -4) - (1 + 3 - (3 + 6)).
-48
What is the value of (45 - (-1 + 0)) + (-202 - 692) + 876?
28
Evaluate -13 + (31 - 1 - 17) - (-5 + 11 - 15).
9
What is -72 - (7 + -82 - -59)?
-56
Evaluate 0 - -6 - (83 + (-81 - -49) + -172).
127
Calculate (-9 - 16) + 28 + 40 + -78.
-35
What is the value of (306 - 328) + 8 + (-1 - 5)?
-20
What is the value of (1 - -5) + (34 - ((2 - 15) + 22))?
31
What is -74 + -13 + 28 + -10 - (2 - -11)?
-82
-22 + -3 + 4 + -76 + 166 + 25
94
Evaluate (-2 - -6 - (10 + -2)) + (-9 - -33).
20
(31 - (11 + -2)) + -39 + 47
30
43 + (46 - (89 - 33))
33
What is (0 - (12 + 1 + (-430 - -434))) + -128?
-145
Evaluate -15 + -7 + -20 + 14 + 8.
-20
Evaluate 29 - 1 - (-20 + -1 + (-1904 - -1942)).
11
Calculate (2208 - 2255) + (3 - 4 - -39).
-9
Calculate 292 + -278 + (-1 - 53).
-40
16 - 1 - -72 - (-70 + 78)
79
Evaluate (-1 - 13) + (54 + -32 - 4) + -12.
-8
What is the value of -2302 + 2314 - (0 + (3 - -97))?
-88
What is 0 + 1 - -9 - (-2 + -8 - -10)?
10
What is -56 - 0 - (6880 - 7013)?
77
What is -26 + 69 - (-39 - -165)?
-83
What is -10 + ((-20 - -26) + 8 - 46)?
-42
Evaluate (-12 + 1 - -20) + -19 + (-1 - -65).
54
What is the value of 30 - (-3 - 8 - (22 - 26 - 5))?
32
Calculate 5 - (49 + -1 + -50).
7
-13 + -94 + 48 + 8 + -13 + 0 + 12
-52
What is the value of (1990 - 1898) + (3 - 38 - -1)?
58
Evaluate 16 - 4 - -43 - (-6 - (4 - (5 - 3))).
63
What is 30 + -2 - (-265 - -322)?
-29
Calculate 31 - 9 - (89 + -18 - 32).
-17
What is (-8 - -6) + 25 + (-13 - -7)?
17
Calculate -45 - ((-25 - 23) + -65).
68
33 - ((48 - 103) + 40)
48
What is (9 - 3) + (19 - (-51 - -25))?
51
Evaluate 6 - (16 + -27) - (3 - (-5 - -17)).
26
What is 3 + (2 - -38) + 72 + (-72 - -12)?
55
Calculate (-2 - 23) + 3 - (-3823 - -3736).
65
Calculate -46 + -55 + 40 + 66.
5
Evaluate -16 + (32 - -60) + -36.
40
What is -17 - ((13 - (18 + -15)) + -21)?
-6
What is the value of -2 + 0 - (-33 - -13) - 32?
-14
Calculate 24 + -12 + -25 + (-1 - -19) + -3.
2
Calculate -4 + -2 - (9 - 2) - (-34 - -21).
0
-21 + 19 + 36 + -94
-60
What is 4 - 3 - (-50 - -72) - 15?
-36
What is the value of -30 + -1 - (271 - 299) - 12?
-15
Evaluate 34 - -3 - (29 + (34 - -27)).
-53
What is the value of 96 + -94 + 18 - (0 + -9 + (3 - 1))?
27
Calculate -23 - 25 - -95 - (-4 + -4 + -10).
65
Evaluate (3 + -3 - (-22 + 33)) + 25.
14
What is the value of 1 + 7 - ((125 - 1) + (-200 - -157))?
-73
What is -2 + 9 - (-136 + 113)?
30
Evaluate -21 - (-12 + -4 + -3 + -21).
19
What is the value of -8 - (-16 - -70) - (-28 - -1)?
-35
(-38 - 1) + (-22 - (-87 + 36) - 33)
-43
Evaluate (125 - (-18 - -35)) + -53.
55
What is the value of (15 - 0) + (7 - 14 - -8 - -34)?
50
Evaluate 51 + (-10 - (-21 + 32)) + -16.
14
What is (20 - (16 + -4 - 34)) + -141?
-99
What is the value of (26 - 0) + (-882 - -851) + 11?
6
3 - -3 - ((10 - -6) + -9)
-1
Calculate -38 - ((66 - 126) + -64).
86
(-32 + 123 - 139) + (5 - 6)
-49
86 - (-1 + -21 - (194 - 191) - -20)
91
-11 + (-11 + (35 - -15) - (-19 - -2))
45
Calculate (-74 - (-1 - 0)) + (130 - 166 - -38).
-71
What is -1884 + 1910 + (-11 - 1)?
14
Evaluate 24 + 24 + -59 - -56.
45
What is (582 - 535) + 1 + -2 + -2 + 9?
53
Calculate -34 - (-17 + 18 + -37).
2
What is (-66 - 14) + (-2 - -83) + (0 - (-1 + -77))?
79
102 + -58 + (-106 - -97)
35
Evaluate (-15 - 0) + 22 + (-1 + -63 - (360 - 381)).
-36
-7 + 3 + 58 + -41 + 4 + -1
16
14 - (16 - 9) - (46 - (9 - 32))
-62
30 + -121 + 85 + 26 + 3
23
Calculate 8 + 6 + (-7 - (-77 + 14)) + 13.
83
What is -58 + 47 - (-74 + 18 + -8) - (-1 - 8)?
62
What is the value of (32 - 6) + 83 - (3 + 1 + -4 - -4)?
105
Evaluate 6 - 0 - (-5 + 18 + -1 - (250 - 190)).
54
Calculate 44 - (11 + -8 + -30) - (-2 + 1) - -4.
76
What is (2 - -96 - -1) + (-21 - (26 + -43))?
95
What is -85 - (2 + -3 + (-42 - -27 - (-8 + 2)))?
-75
Evaluate 10 - 21 - (3 + 0 - (17 + -1 - 101)).
-99
Evaluate 86 - 87 - (-2 - (-2 - -24)) - -9.
32
Evaluate 2 + (11 - (-17 + 1 + 17 + -8)) + 16.
36
3 + 4 - (-17 + -129 + 115)
38
-41 + (67 - 17) + 8
17
Evaluate (-17 - (5 + -45)) + 0 + -2 + -3.
18
What is the value of 0 + 78 + -3 + (-2 - -3) - (-4324 + 4320)?
80
(19 - -13) + -20 + (-4 - (1 - 1)) - -5
13
What is the value of (10 - (-1 + -6)) + -1 + -11?
5
Calculate (1 - 13) + (1 + 11 - 39 - -23 - -19).
3
What is the value of (28 - (-11 - (43 - 98))) + 93 + 2?
79
What is the value of -3374 + 3414 - (-5 - -149 - -2)?
-106
What is 51 + (-71 - -1) + 15?
-4
Evaluate 55 + (-91 - -33) - (3 + (2 + 1 - -40)).
-49
What is the value of 13 + (-9 + 12 + -7 + 3 - -8) + -1?
19
What is the value of -49 + (-2 - -30) + 13 + 5 - (5 + -149)?
141
What is 28 - (10 + (-12 - -12) - -5 - 24)?
37
15 + (27 - 26) - (4 + 3 + 1) - -80
88
What is the value of -72 + (9 - 4) - (10 + (-14 - -6))?
-69
What is 139 - 52 - (6 - 5 - -9 - 5)?
82
Calculate -4 - 0 - (-65 - (58 + -10 - 18)).
91
13 + (-11 - -3 - -20) - -34 - -2
61
-36 - (12 - 39 - 1)
-8
What is 57 + -57 + 6 + -11 + 22?
17
What is 16 - (-13 + 20 + -14 + 8)?
15
What is 20 + (7 - (34 - 9)) + -1 + 0 + 1?
2
Evaluate 30 - 13 - (60 + 72).
-115
Evaluate 467 - 536 - (-2 + -1 - ((-6 - -3) + -10)).
-79
Calculate 17 + 1 + -21 + 21 + -15 + -22.
-19
Evaluate -72 + 49 - (12 + -35).
0
What is (-33 - ((6 - 7) + -6 + -2)) + -2?
-26
What is (3 + (-3 - (-8 + 6 + 4)) - 8) + 48?
38
What is the value of (-6 - (-17 - (-2 + (4 - -5)))) + (86 - 85)?
19
What is the value of -7 + 8 + (2 - 13) - (15 + 27 - 11)?
-41
What is the value of 99 + 1 + -36 + (-47 + 42 - -28)?
87
Evaluate -16 - (-18 + -2 + 13) - (-23 - 1).
15
What is the value of -55 + 6 + -68 + 114?
-3
-4 + -9 + (2207 - 2067)
127
Evaluate 0 + -8 + -17 + (-62 - -74).
-13
Evaluate (3 - -5 - (12 + (16 - 8))) + 39.
27
-10 + 5 - (-14 - (34 - 81))
-38
Calculate 11 + -3 + 8 + 3 - (-28 - -31).
16
What is (-6 + -9 - (44 - 74)) + (-1 - (-2 + -29))?
45
Evaluate -55 + -128 + 105 + 108.
30
Calculate -1 + (-2 - 86) + -3518 + 3533.
-74
What is (19 - (-5 - (-16 - 10))) + -4?
-6
Evaluate -66 + 72 - 83 - -143.
66
87 + (3 - (-22 - (-12 - 3))) + 3 + -16
84
Evaluate -8 + (9 - -7) + -34 + 113.
87
What is -26 - (-48 + (0 - -17))?
5
What is 57 + -10 + 24 + -110?
-39
What is 92 + -2 + -32 + 9 - -13?
80
Evaluate (-162 - -156 - -31) + (90 - 1).
114
Evaluate 28 - ((49 - 77) + 96).
-40
(2695 - 2768) + (10 - -5)
-58
(-34 - -13) + 72 - (16 + -33 - -38)
30
Calculate 49 - (64 - (22 + -18)).
-11
What is the value of 15 + (14 - (3 - -13 - 31 - -10))?
34
What is the value of 33 - (117 + 19 + -50) - -4?
-49
What is (1 + -3 - 49) + 3 - (-167 + 155)?
-36
(1 + (-42 - (0 + -1)) - -1) + -1145 + 1137
-47
What is the value of 4 + -11 + -1 + (-5 - (-33 + 4 + 22))?
-6
What is -22 - ((-17 + 15 - 20) + 7)?
-7
Calculate 5 - (-87 + (17 + -1 - (10 + 49 + -49))).
86
-5 + -2 + 7 + -1 - -7 - (-607 + 678)
-65
What is the value of (-10 - (-21 - -25)) + (-4 - (-5 + -58) - -3)?
48
What is the value of -560 + 545 + (13 - (-1 - 2)) + 0 + 46?
47
Calculate (29 - -14) + -38 - (111 - (5 - -1)).
-100
What is the value of 117 + (24 - (35 - 9)) + -38?
77
Calculate (-9 - -10) + 13 - 13 - 12.
-11
What is (1 - 1) + -1 + (-125 - ((15 - -52) + -108))?
-85
What is the value of 72 + -31 + -57 + 49?
33
(18 - (16 + -25 + 24)) + -31 + 1
-27
Calculate 7 - ((44 - 